y 7?
6
What is the remainder when 2155 is divided by 47?
40
What is the remainder when 658 is divided by 10?
8
Calculate the remainder when 363 is divided by 44.
11
What is the remainder when 2185 is divided by 217?
15
Calculate the remainder when 695 is divided by 141.
131
Calculate the remainder when 769 is divided by 129.
124
What is the remainder when 66 is divided by 10?
6
Calculate the remainder when 163 is divided by 22.
9
What is the remainder when 167 is divided by 57?
53
Calculate the remainder when 406 is divided by 11.
10
What is the remainder when 943 is divided by 11?
8
Calculate the remainder when 1843 is divided by 126.
79
Calculate the remainder when 927 is divided by 186.
183
What is the remainder when 139 is divided by 72?
67
Calculate the remainder when 11540 is divided by 62.
8
Calculate the remainder when 7991 is divided by 111.
110
What is the remainder when 3549 is divided by 53?
51
Calculate the remainder when 66 is divided by 27.
12
Calculate the remainder when 238 is divided by 11.
7
What is the remainder when 7365 is divided by 24?
21
Calculate the remainder when 459 is divided by 126.
81
What is the remainder when 1906 is divided by 8?
2
What is the remainder when 134 is divided by 45?
44
What is the remainder when 1311 is divided by 66?
57
Calculate the remainder when 232 is divided by 88.
56
What is the remainder when 746 is divided by 16?
10
What is the remainder when 383 is divided by 191?
1
Calculate the remainder when 159 is divided by 16.
15
What is the remainder when 403 is divided by 41?
34
What is the remainder when 6075 is divided by 49?
48
Calculate the remainder when 144 is divided by 49.
46
Calculate the remainder when 251 is divided by 12.
11
Calculate the remainder when 3872 is divided by 31.
28
Calculate the remainder when 2592 is divided by 93.
81
What is the remainder when 1018 is divided by 60?
58
What is the remainder when 470 is divided by 138?
56
What is the remainder when 374 is divided by 19?
13
Calculate the remainder when 1547 is divided by 98.
77
Calculate the remainder when 1756 is divided by 3.
1
Calculate the remainder when 659 is divided by 39.
35
Calculate the remainder when 1632 is divided by 228.
36
Calculate the remainder when 2302 is divided by 9.
7
What is the remainder when 272 is divided by 23?
19
What is the remainder when 878 is divided by 53?
30
What is the remainder when 561 is divided by 145?
126
Calculate the remainder when 640 is divided by 6.
4
What is the remainder when 1672 is divided by 169?
151
Calculate the remainder when 80 is divided by 49.
31
What is the remainder when 348 is divided by 26?
10
Calculate the remainder when 262 is divided by 67.
61
Calculate the remainder when 1574 is divided by 412.
338
Calculate the remainder when 386 is divided by 33.
23
What is the remainder when 75 is divided by 8?
3
What is the remainder when 1325 is divided by 134?
119
What is the remainder when 4631 is divided by 14?
11
What is the remainder when 1204 is divided by 237?
19
What is the remainder when 754 is divided by 23?
18
What is the remainder when 98 is divided by 33?
32
What is the remainder when 413 is divided by 394?
19
What is the remainder when 559 is divided by 67?
23
Calculate the remainder when 9277 is divided by 20.
17
What is the remainder when 245 is divided by 4?
1
Calculate the remainder when 7878 is divided by 12.
6
What is the remainder when 76 is divided by 27?
22
What is the remainder when 26 is divided by 4?
2
Calculate the remainder when 10787 is divided by 142.
137
Calculate the remainder when 13844 is divided by 14.
12
What is the remainder when 1161 is divided by 41?
13
Calculate the remainder when 37 is divided by 11.
4
What is the remainder when 58 is divided by 17?
7
Calculate the remainder when 7438 is divided by 56.
46
Calculate the remainder when 492 is divided by 16.
12
What is the remainder when 532 is divided by 72?
28
Calculate the remainder when 311 is divided by 82.
65
What is the remainder when 674 is divided by 135?
134
What is the remainder when 374 is divided by 15?
14
Calculate the remainder when 227 is divided by 69.
20
What is the remainder when 337 is divided by 83?
5
What is the remainder when 951 is divided by 162?
141
What is the remainder when 414 is divided by 52?
50
What is the remainder when 238 is divided by 20?
18
Calculate the remainder when 149 is divided by 75.
74
Calculate the remainder when 317 is divided by 44.
9
Calculate the remainder when 440 is divided by 37.
33
Calculate the remainder when 109 is divided by 97.
12
What is the remainder when 444 is divided by 4?
0
What is the remainder when 378 is divided by 20?
18
Calculate the remainder when 2725 is divided by 22.
19
What is the remainder when 470 is divided by 79?
75
Calculate the remainder when 6340 is divided by 9.
4
Calculate the remainder when 2457 is divided by 63.
0
What is the remainder when 523 is divided by 518?
5
Calculate the remainder when 1321 is divided by 262.
11
What is the remainder when 2169 is divided by 12?
9
Calculate the remainder when 1647 is divided by 33.
30
What is the remainder when 756 is divided by 69?
66
Calculate the remainder when 479 is divided by 12.
11
Calculate the remainder when 38 is divided by 4.
2
What is the remainder when 23935 is divided by 11?
10
Calculate the remainder when 336 is divided by 86.
78
What is the remainder when 777 is divided by 34?
29
What is the remainder when 304 is divided by 29?
14
Calculate the remainder when 146 is divided by 68.
10
What is the remainder when 218 is divided by 118?
100
What is the remainder when 5400 is divided by 11?
10
What is the remainder when 917 is divided by 153?
152
What is the remainder when 199 is divided by 6?
1
What is the remainder when 1228 is divided by 88?
84
What is the remainder when 182 is divided by 73?
36
What is the remainder when 1436 is divided by 100?
36
Calculate the remainder when 89 is divided by 24.
17
Calculate the remainder when 197 is divided by 63.
8
What is the remainder when 1116 is divided by 32?
28
What is the remainder when 5986 is divided by 260?
6
What is the remainder when 140 is divided by 11?
8
Calculate the remainder when 638 is divided by 83.
57
What is the remainder when 246 is divided by 186?
60
Calculate the remainder when 41 is divided by 7.
6
What is the remainder when 1200 is divided by 108?
12
Calculate the remainder when 142 is divided by 21.
16
Calculate the remainder when 281 is divided by 47.
46
Calculate the remainder when 4199 is divided by 56.
55
What is the remainder when 308 is divided by 80?
68
What is the remainder when 447 is divided by 210?
27
What is the remainder when 414 is divided by 7?
1
Calculate the remainder when 105 is divided by 55.
50
What is the remainder when 1154 is divided by 120?
74
What is the remainder when 189 is divided by 15?
9
Calculate the remainder when 231 is divided by 107.
17
Calculate the remainder when 367 is divided by 10.
7
What is the remainder when 4319 is divided by 3?
2
Calculate the remainder when 229 is divided by 26.
21
Calculate the remainder when 93 is divided by 5.
3
What is the remainder when 257 is divided by 37?
35
What is the remainder when 15309 is divided by 132?
129
Calculate the remainder when 108 is divided by 93.
15
Calculate the remainder when 4 is divided by 4.
0
Calculate the remainder when 39 is divided by 4.
3
Calculate the remainder when 261 is divided by 234.
27
Calculate the remainder when 218 is divided by 77.
64
What is the remainder when 131 is divided by 72?
59
What is the remainder when 839 is divided by 56?
55
Calculate the remainder when 269 is divided by 55.
49
What is the remainder when 1969 is divided by 1958?
11
Calculate the remainder when 309 is divided by 97.
18
Calculate the remainder when 621 is divided by 6.
3
What is the remainder when 93 is divided by 62?
31
Calculate the remainder when 247 is divided by 80.
7
Calculate the remainder when 999 is divided by 77.
75
What is the remainder when 75 is divided by 11?
9
What is the remainder when 540 is divided by 110?
100
Calculate the remainder when 26 is divided by 8.
2
What is the remainder when 534 is divided by 139?
117
Calculate the remainder when 58 is divided by 24.
10
Calculat